 2*d - 2492. What is the greatest common factor of i and 21250?
250
Suppose 129 + 4 + 37 = 17*q. What is the highest common factor of q and 358?
2
Suppose 4*z + l - 553 = -0*z, 686 = 5*z - 4*l. Suppose -2*u + 23 = -3*n - 41, -z = -5*u + 2*n. Calculate the greatest common divisor of u and 26.
26
Let b be 10/8*(18 + -14). Suppose -4*d - b*h + 35 = -24, 2*d = -5*h + 17. What is the greatest common factor of 336 and d?
21
Suppose -262 = -270*w + 278. What is the greatest common divisor of w and 1277?
1
Suppose 14*j = -3*j + 3060. Let l = 46 - 28. Suppose 0 = -o + 2*o - l. What is the greatest common divisor of j and o?
18
Suppose 0 = -4*q + 4*u + 56, -4*u + 40 = 6*q - 2*q. Let k = q + 8. Let d = 44 - 36. What is the greatest common factor of d and k?
4
Suppose -n = -2*t + 2, -5*t = 3*n - 1 - 4. Suppose n*l - 13*l = -286. What is the highest common factor of l and 121?
11
Suppose 0 = 3*x - 3*f - 8196, -10*x = -14*x - f + 10943. Calculate the highest common divisor of x and 5.
5
Let v(q) = -3*q**3 - 19*q**2 - 69*q - 270. Let y be v(-6). What is the greatest common factor of 405 and y?
27
Suppose 226*h = 212*h + 546. Calculate the greatest common divisor of 416 and h.
13
Suppose 273*h - 266*h - 560 = 0. What is the highest common divisor of h and 3140?
20
Let f(o) = -4*o + 68. Let a be f(24). Let n be (5 + a/8)/(3/28). What is the greatest common divisor of 49 and n?
7
Let b be (50 - 54)*(-473 - -1). Calculate the greatest common factor of b and 59.
59
Suppose -2*r + 55 - 73 = 0, -2*m - 2*r = -6214. What is the highest common factor of 451 and m?
41
Let s be 4 - (-60)/(-16) - (-271)/4. Suppose 88*n - 90*n = -s. What is the greatest common factor of n and 17?
17
Let x = -2141 - -2212. What is the highest common divisor of x and 6?
1
Let q(o) be the first derivative of o**4/4 + 14*o**3/3 + 6*o**2 + 15*o - 100. Let b be q(-9). Calculate the highest common divisor of b and 78.
78
Let h be (-2)/(-3)*32 + 12/18. Let o(d) = -d**3 - 6*d**2 + 8*d + 9. Let w be o(-7). Let b = 57 - w. What is the greatest common factor of h and b?
11
Suppose -x + 2*h + 1864 = 0, -22*x + 18*x + h + 7477 = 0. Calculate the greatest common divisor of x and 510.
170
Let b(f) = 34 - f**2 + 8*f**2 + 15*f - 6*f**2. Let u be b(-14). Suppose -77*n + u = -73*n. What is the greatest common factor of n and 55?
5
Suppose -4*j - 3 = 2*u - 27, -3*u + 2*j + 4 = 0. Suppose -2*x = h - 34, -u*h + 2*x + 211 = 55. What is the highest common divisor of 114 and h?
38
Suppose 7*z = 4*z. Suppose z = x - 4*x + 105. Let y be 5/(-75)*-10 + 56/6. What is the greatest common factor of y and x?
5
Let j = 227 + -263. Let k = j - -59. Calculate the greatest common divisor of k and 69.
23
Let i(y) = 3*y**3 - 124*y**2 + 44*y - 97. Let k be i(41). What is the greatest common divisor of 715 and k?
13
Let y = 1682 + -940. Suppose 2*x - 280 = j, -5*x - 42 = -4*j - y. What is the greatest common divisor of x and 20?
20
Let v = -68 - -72. Suppose -4*x - 5*k = -38 - 3, v*x - 1 = 3*k. Let o be -35*(-16)/4 + x. Calculate the highest common factor of 48 and o.
48
Let u be 4978/(-6) - (-108)/(-81). Let p = 897 + u. Calculate the greatest common divisor of p and 55.
11
Let q(v) = 6*v**3 - 2*v**2 + 3*v - 2. Let k be q(1). Suppose w - 72 = -k*h + 104, 5*w = 2*h - 65. What is the greatest common factor of h and 49?
7
Let x = -31 + 93. Suppose -x = 3*g - 8. Let k = g - -40. What is the highest common divisor of 33 and k?
11
Suppose 3*s + 30 = 3*f, 3*s = 2*f + 2*f - 39. Let m(k) = -10*k - 9. Let r be m(f). Let v = r + 139. What is the highest common divisor of v and 16?
8
Suppose -2*m + 40 = o - 3*o, -2*m = 4*o - 16. Let n(h) = 2 - h**2 + 16*h + 13*h + 22 - 23*h. Let a be n(8). What is the highest common factor of m and a?
8
Suppose -508*z = -1718*z + 50820. Suppose -4*t = -403 + 123. Calculate the highest common factor of z and t.
14
Let y be (-31)/(-310) + -2 + 57076/40. Calculate the highest common divisor of 57 and y.
57
Let q be 20 + (-27625)/(-150) + (-2)/12. Calculate the highest common factor of q and 51.
51
Let t(j) = 14*j**2 - 7*j - 9. Let b be t(-2). Suppose -58*v + b*v - 66 = 0. What is the greatest common factor of 88 and v?
22
Suppose 0 = -k - 2*q - 2 + 10, q - 5 = -k. Let m be (768/(-240))/(k/(-65)). Calculate the greatest common factor of m and 8.
8
Let y(n) = -7*n**2 - 72*n - 6. Let j be y(-10). Let m(f) = 2*f**2 - 17*f - 104. Let c be m(j). Calculate the greatest common divisor of 125 and c.
25
Let g be -4 - (-1 + 1 - 2). Let z be (5/(-4))/(g/24). Let d(t) = 935*t - 8310. Let c be d(9). What is the greatest common factor of z and c?
15
Let c be (6 + 128/(-12))*345/(-10). Let d = -157 + c. Calculate the greatest common factor of d and 128.
4
Let s be (1*-1)/(1/(-18)). Suppose 4*m + 9 - 6 = -i, -2*i = 6*m + 6. Let q(v) = v**2 - 32*v + 9. Let d be q(m). What is the highest common factor of d and s?
9
Let h(s) = 11*s**2 + 44*s + 3. Let d be h(-10). Let u = -575 + d. Let y be 11/(2/4*1). Calculate the highest common factor of y and u.
22
Suppose 5*s - 5*s - 5200 = -8*s. Calculate the highest common divisor of s and 78.
26
Let r = 801 - 510. Let t = -193 + r. Suppose -3*b + 2*w + 62 = 0, -5*b - w = w - t. What is the highest common divisor of 60 and b?
20
Suppose -4*z - 3*y = -31, 5*y - 8 = -4*z + 17. Suppose 64 = -4*k - r, 0*k + k + 16 = 3*r. Let x = k + 106. What is the highest common factor of z and x?
10
Let z = -212793 - -213010. Let f = 42 - 28. Calculate the highest common factor of z and f.
7
Suppose -46*x + 48*x - 5456 = 0. What is the highest common factor of 744 and x?
248
Let t(d) = d**3 - 16*d**2 - 164*d + 79. Let j be t(23). Calculate the highest common divisor of 695 and j.
5
Let r(c) = -c**2 - 21*c - 60. Let w(x) = -22*x + 7. Let v be w(1). Let n be r(v). Calculate the highest common divisor of 30 and n.
30
Suppose 3*m - 3 = 3*s, 0 = -5*m - 9*s + 4*s + 55. Let d be (135/20 - m) + (-7167)/(-12). What is the greatest common divisor of d and 92?
46
Let o be 104656/18 + (-100)/450. What is the greatest common factor of o and 204?
102
Suppose -3 = 4*r - 19. Suppose -r*t = -9*t + 35. Let j = 338 + -275. Calculate the greatest common factor of j and t.
7
Let s = 45 - 39. Suppose 5*z = 7*z + s. Let h(b) = 2*b + 13. Let d be h(z). Calculate the highest common divisor of d and 91.
7
Let r be 260/15*9*(-364)/(-48) + -3. What is the highest common divisor of 4248 and r?
236
Suppose -4*p + 24 = -0. Let r be (30/(-30))/(1 + 108/(-107)). Suppose 0 = 2*d - r + 95. Calculate the greatest common factor of d and p.
6
Suppose -6*h = -14 - 94. Let q be 7 - ((-8)/(-12) - (-42)/h). Suppose 0 = -2*o - 3*n - 2*n + 26, 2*o - n = 14. Calculate the greatest common factor of o and q.
4
Suppose -13 = -2*h + 5*u, h + 0*h - 5*u - 9 = 0. Suppose -h = 2*a, 12 = 6*t - t - a. Calculate the greatest common factor of t and 46.
2
Suppose 5 = 3*p - 4*u - 2, -5*p + u + 23 = 0. Let q(n) = 12*n**2 + p*n + 9*n**2 - 20*n**2 - 10. Let t be q(-9). What is the highest common factor of 65 and t?
13
Suppose 2*l + 41 = -4*b + 161, 0 = -4*b. Let f(h) = -20*h**3 - 4*h**2 - h + 4. Let g be f(-2). What is the greatest common divisor of g and l?
30
Suppose -2*v = 2*f - 356 - 320, 674 = 2*v + f. What is the greatest common divisor of v and 4256?
112
Let k(m) = -73*m - 993. Let h be k(-47). Calculate the greatest common divisor of 424 and h.
106
Suppose 36188*f = 36187*f + 211. Calculate the highest common divisor of f and 52961.
211
Let b be (-3515)/(-76) + (-12)/48. What is the greatest common divisor of b and 36892?
46
Let n = 22279 - 21854. Calculate the greatest common divisor of 459 and n.
17
Let s = -102 - -105. Suppose 0 = -s*r + 5*r - 5*a - 11, 4 = 2*r + 2*a. Calculate the greatest common factor of r and 33.
3
Let m be (-51)/(-2)*950/8075. Let p = -108 + 189. What is the greatest common factor of m and p?
3
Suppose -4*d = 5*i - 64, d - 3*i + 9 = 2*i. Let t = -78 - -84. Suppose 13*n - 709 = t. What is the greatest common factor of n and d?
11
Let d = -9 - -86. Suppose 7 = i - 230. Suppose -8*f + i = d. Calculate the greatest common divisor of 180 and f.
20
Let c = -72 + 76. Let p be (-21 + c)*(-1 + -2 - -2). Suppose -p = 3*n - 50. Calculate the highest common divisor of n and 121.
11
Let c(t) = -64*t + 5071. Let d be c(54). Calculate the highest